 the units digit of 699284?
4
What is the units digit of 85637?
7
What is the hundred thousands digit of 1536133?
5
What is the units digit of 4072367?
7
What is the hundreds digit of 534406?
4
What is the hundreds digit of 12893277?
2
What is the millions digit of 29735959?
9
What is the thousands digit of 42748?
2
What is the thousands digit of 32226?
2
What is the thousands digit of 1607105?
7
What is the ten thousands digit of 1310330?
1
What is the hundred thousands digit of 1666048?
6
What is the units digit of 6613016?
6
What is the thousands digit of 3625543?
5
What is the units digit of 3634575?
5
What is the hundred thousands digit of 3930879?
9
What is the thousands digit of 97657?
7
What is the ten millions digit of 10584865?
1
What is the tens digit of 17006?
0
What is the ten thousands digit of 18816062?
1
What is the hundreds digit of 198477?
4
What is the units digit of 694432?
2
What is the hundreds digit of 228624?
6
What is the thousands digit of 557710?
7
What is the tens digit of 2138101?
0
What is the hundreds digit of 627674?
6
What is the hundred thousands digit of 425618?
4
What is the hundreds digit of 1524633?
6
What is the thousands digit of 5430752?
0
What is the tens digit of 205555?
5
What is the hundreds digit of 420654?
6
What is the ten thousands digit of 122106?
2
What is the ten thousands digit of 120210?
2
What is the thousands digit of 15031914?
1
What is the units digit of 34776?
6
What is the ten thousands digit of 848845?
4
What is the tens digit of 98128?
2
What is the units digit of 243651?
1
What is the hundreds digit of 631796?
7
What is the hundreds digit of 1519807?
8
What is the thousands digit of 578435?
8
What is the hundreds digit of 17242?
2
What is the tens digit of 29415837?
3
What is the units digit of 895835?
5
What is the hundred thousands digit of 31090965?
0
What is the hundred thousands digit of 3316752?
3
What is the hundreds digit of 8693260?
2
What is the thousands digit of 668811?
8
What is the hundreds digit of 6494564?
5
What is the ten millions digit of 17618245?
1
What is the ten thousands digit of 126392?
2
What is the tens digit of 12928356?
5
What is the tens digit of 230158?
5
What is the thousands digit of 7005140?
5
What is the thousands digit of 133831?
3
What is the hundreds digit of 142149?
1
What is the hundreds digit of 9845?
8
What is the ten thousands digit of 703961?
0
What is the thousands digit of 10028636?
8
What is the units digit of 61246?
6
What is the hundreds digit of 805954?
9
What is the hundreds digit of 79204?
2
What is the millions digit of 1005694?
1
What is the hundred thousands digit of 291438?
2
What is the hundreds digit of 3064611?
6
What is the hundred thousands digit of 200376?
2
What is the thousands digit of 7625645?
5
What is the thousands digit of 834641?
4
What is the units digit of 125195?
5
What is the tens digit of 2048217?
1
What is the hundreds digit of 9164586?
5
What is the thousands digit of 194170?
4
What is the units digit of 11710091?
1
What is the hundred thousands digit of 16407033?
4
What is the thousands digit of 216749?
6
What is the thousands digit of 345411?
5
What is the tens digit of 981640?
4
What is the ten thousands digit of 15861359?
6
What is the thousands digit of 778245?
8
What is the tens digit of 3887734?
3
What is the millions digit of 1308319?
1
What is the units digit of 1327311?
1
What is the tens digit of 813482?
8
What is the ten millions digit of 44166976?
4
What is the hundred thousands digit of 129769?
1
What is the hundreds digit of 12821274?
2
What is the thousands digit of 317136?
7
What is the thousands digit of 967958?
7
What is the hundreds digit of 470884?
8
What is the thousands digit of 16680990?
0
What is the ten thousands digit of 754913?
5
What is the hundreds digit of 633168?
1
What is the units digit of 380486?
6
What is the tens digit of 214572?
7
What is the hundreds digit of 24132968?
9
What is the thousands digit of 825943?
5
What is the hundred thousands digit of 2151458?
1
What is the ten thousands digit of 19595234?
9
What is the tens digit of 385557?
5
What is the units digit of 322789?
9
What is the thousands digit of 3513485?
3
What is the hundreds digit of 523471?
4
What is the ten thousands digit of 225935?
2
What is the thousands digit of 3377139?
7
What is the millions digit of 5997943?
5
What is the hundreds digit of 6287397?
3
What is the tens digit of 191944?
4
What is the tens digit of 32294265?
6
What is the thousands digit of 286832?
6
What is the units digit of 649989?
9
What is the units digit of 851818?
8
What is the tens digit of 1946848?
4
What is the hundred thousands digit of 24690955?
6
What is the hundred thousands digit of 30768739?
7
What is the thousands digit of 29026629?
6
What is the tens digit of 2777676?
7
What is the units digit of 223756?
6
What is the ten thousands digit of 2305777?
0
What is the ten thousands digit of 4815896?
1
What is the millions digit of 5765396?
5
What is the tens digit of 338405?
0
What is the ten thousands digit of 66165?
6
What is the hundred thousands digit of 2533715?
5
What is the hundreds digit of 8732170?
1
What is the ten thousands digit of 305524?
0
What is the hundred thousands digit of 6059302?
0
What is the ten thousands digit of 9706151?
0
What is the ten thousands digit of 921674?
2
What is the thousands digit of 267311?
7
What is the tens digit of 181834?
3
What is the thousands digit of 24453?
4
What is the tens digit of 713683?
8
What is the hundreds digit of 4795222?
2
What is the ten millions digit of 11136462?
1
What is the thousands digit of 7947141?
7
What is the thousands digit of 17007218?
7
What is the hundred thousands digit of 258380?
2
What is the thousands digit of 6924318?
4
What is the ten thousands digit of 163025?
6
What is the millions digit of 5461570?
5
What is the hundreds digit of 366454?
4
What is the ten thousands digit of 490563?
9
What is the hundreds digit of 814334?
3
What is the ten thousands digit of 126063?
2
What is the hundred thousands digit of 104724?
1
What is the hundreds digit of 231279?
2
What is the ten thousands digit of 836374?
3
What is the hundred thousands digit of 3706729?
7
What is the hundreds digit of 5454772?
7
What is the hundred thousands digit of 2567884?
5
What is the hundred thousands digit of 1205602?
2
What is the units digit of 829920?
0
What is the millions digit of 7404303?
7
What is the tens digit of 729735?
3
What is the units digit of 427007?
7
What is the tens digit of 211778?
7
What is the millions digit of 2193699?
2
What is the hundreds digit of 189348?
3
What is the units digit of 3087560?
0
What is the thousands digit of 387506?
7
What is the units digit of 109370?
0
What is the units digit of 1334072?
2
What is the units digit of 5079587?
7
What is the hundreds digit of 3422373?
3
What is the tens digit of 4784314?
1
What is the tens digit of 3142767?
6
What is the hundred thousands digit of 796931?
7
What is the ten thousands digit of 379839?
7
What is the thousands digit of 3268262?
8
What is the hundreds digit of 728763?
7
What is the hundred thousands digit of 285117?
2
What is the ten thousands digit of 29310495?
1
What is the hundreds digit of 462983?
9
What is the hundreds digit of 164986?
9
What is the hundred thousands digit of 1469355?
4
What is the units digit of 3386149?
9
What is the ten millions digit of 31072305?
3
What is the hundreds digit of 6375158?
1
What is the millions digit of 7330714?
7
What is the thousands digit of 7044875?
4
What is the ten thousands digit of 24620?
2
What is the tens digit of 14903203?
0
What is the ten thousands digit of 402136?
0
What is the hundreds digit of 2478941?
9
What is the units digit of 673?
3
What is the ten thousands digit of 4072558?
7
What is the thousands digit of 102293?
2
What is the hundred thousands digit of 834420?
8
What is the hundreds digit of 628282?
2
What is the ten thousands digit of 55369?
5
What is the ten thousands digit of 221615?
2
What is the hundreds digit of 250041?
0
What is the ten thousands digit of 229503?
2
What is the hundreds digit of 12343924?
9
What is the tens digit of 90385?
8
What is the units digit of 146808?
8
What is the hundred thousands 